{"id":175,"date":"2014-01-21T17:33:23","date_gmt":"2014-01-21T17:33:23","guid":{"rendered":"https:\/\/moran.eca.usp.br\/?page_id=175"},"modified":"2026-03-16T12:08:23","modified_gmt":"2026-03-16T15:08:23","slug":"entrevistas","status":"publish","type":"page","link":"https:\/\/moran.eca.usp.br\/?page_id=175","title":{"rendered":"Entrevistas"},"content":{"rendered":"\t\t<div data-elementor-type=\"wp-page\" data-elementor-id=\"175\" class=\"elementor elementor-175\">\n\t\t\t\t\t\t<section class=\"elementor-section elementor-top-section elementor-element elementor-element-19979d90 elementor-section-boxed elementor-section-height-default elementor-section-height-default\" data-id=\"19979d90\" data-element_type=\"section\">\n\t\t\t\t\t\t<div class=\"elementor-container elementor-column-gap-default\">\n\t\t\t\t\t<div class=\"elementor-column elementor-col-100 elementor-top-column elementor-element elementor-element-47e2cb46\" data-id=\"47e2cb46\" data-element_type=\"column\">\n\t\t\t<div class=\"elementor-widget-wrap elementor-element-populated\">\n\t\t\t\t\t\t<div class=\"elementor-element elementor-element-4dcd5300 elementor-widget elementor-widget-text-editor\" data-id=\"4dcd5300\" data-element_type=\"widget\" data-widget_type=\"text-editor.default\">\n\t\t\t\t<div class=\"elementor-widget-container\">\n\t\t\t\t\t\t\t<h3><span style=\"color: #000080;\"><strong>O professor humanista, afetivo e criativo e a Intelig\u00eancia Artificial (YouTube)<\/strong><\/span><\/h3>\n<h3 class=\"style-scope ytd-watch-metadata\"><strong><a href=\"https:\/\/www.youtube.com\/live\/FztvHNVwFCk\">O Futuro da Educa\u00e7\u00e3o com o Avan\u00e7o da Tecnologia<\/a>\u00a0(YouTube)<\/strong><\/h3>\n<h3 class=\"style-scope ytd-watch-metadata\"><a href=\"https:\/\/www.youtube.com\/watch?v=Vq-E2qd66Sc\"><strong>Educa\u00e7\u00e3o e Futuro: Ensinar e aprender com sentido em tempos de transforma\u00e7\u00e3o<\/strong>\u00a0<\/a>(YouTube)<\/h3>\n<h3>&#8220;<strong><a href=\"https:\/\/www.youtube.com\/watch?v=PHxfTNE5VRA\">Curr\u00edculo vivo: como redesenhar o que se aprende para o s\u00e9culo 21<\/a><\/strong>&#8220;.<br \/>V\u00eddeo no YouTube sobre minha participa\u00e7\u00e3o na conversa com as diretoras da Escola FourC sobre o Curr\u00edculo Vivo.<\/h3>\n<h3><a href=\"https:\/\/www.youtube.com\/watch?v=qalEhXQG92Y\"><strong>O celular em sala de aula e o tempo de telas<\/strong><\/a><\/h3>\n<h3><a href=\"https:\/\/moran.eca.usp.br\/wp-content\/uploads\/2022\/10\/transforma\u00e7oes_moran.pdf\"><strong>As grandes transforma\u00e7\u00f5es na educa\u00e7\u00e3o atual<\/strong><\/a><\/h3>\n<h3><strong><a href=\"https:\/\/moran.eca.usp.br\/wp-content\/uploads\/2022\/04\/interessantes.pdf\">Escolas interessantes come\u00e7am com gestores acolhedores<\/a><\/strong><\/h3>\n<h3><a href=\"https:\/\/moran.eca.usp.br\/wp-content\/uploads\/2021\/08\/engessar.pdf\"><strong>Ensino H\u00edbrido: N\u00e3o engessar o que ainda est\u00e1 em constru\u00e7\u00e3o<\/strong><\/a><\/h3>\n<h3><strong><a href=\"https:\/\/moran.eca.usp.br\/wp-content\/uploads\/2021\/08\/impacto_hibrido_moran.pdf\">O impacto do h\u00edbrido na escola, a partir de agora<\/a><\/strong><\/h3>\n<h3>Algumas entrevistas est\u00e3o no meu canal do YouTube: <a href=\"https:\/\/www.youtube.com\/playlist?list=PLIUtsSsEPAPUoEXa0uwerUxeJIHnmBExt\">https:\/\/www.youtube.com\/playlist?list=PLIUtsSsEPAPUoEXa0uwerUxeJIHnmBExt<\/a>\u00a0<\/h3>\n<h3><a href=\"https:\/\/moran.eca.usp.br\/wp-content\/uploads\/2021\/08\/empreender.pdf\">A educa\u00e7\u00e3o empreendedora transformar\u00e1 a vida dos estudantes<\/a><\/h3>\n<h3><strong><a href=\"https:\/\/moran.eca.usp.br\/wp-content\/uploads\/2020\/06\/convergencias.docx\">Converg\u00eancias na Educa\u00e7\u00e3o<\/a>\u00a0&#8211; Mat\u00e9ria feita pela Jornalista Sandra Medeiros, a partir de um webinar sobre o tema das diferentes converg\u00eancias na Educa\u00e7\u00e3o, 13\/06\/2020. O link para a publica\u00e7\u00e3o \u00e9 este: <a href=\"https:\/\/eadempauta.com.br\/expediente-3-convergencias-na-educacao\/\">https:\/\/eadempauta.com.br\/expediente-3-convergencias-na-educacao\/<\/a><\/strong><\/h3>\n<h4><strong><a title=\"import\u00e2ncia do Projeto de Vida para a aprendizagem \" href=\"http:\/\/bit.ly\/2WNx5R5\" target=\"_blank\" rel=\"noopener noreferrer\">Import\u00e2ncia do Projeto de Vida para a aprendizagem dos alunos. <\/a>Entrevista feita comigo pelo Instituto Claro.\u00a0<a href=\"http:\/\/bit.ly\/2WNx5R5\">http:\/\/bit.ly\/2WNx5R5<\/a><\/strong><\/h4>\n<h4><strong>O Futuro da Escola. Entrevista publicada pelo Jornal Di\u00e1rio de Pernambuco e reproduzida no Blog Consultoria a primeira Inf\u00e2ncia: <a href=\"http:\/\/consultoriaprimeirainfancia.com\/entrevista-com-jose-moran-falando-sobre-o-futuro-da-escola-e-a-escola-do-futuro\/\">http:\/\/consultoriaprimeirainfancia.com\/entrevista-com-jose-moran-falando-sobre-o-futuro-da-escola-e-a-escola-do-futuro\/ &#8211;\u00a0 <\/a><\/strong><strong>Dispon\u00edvel tamb\u00e9m em: <a href=\"https:\/\/moran10.blogspot.com\/2019\/06\/o-futuro-da-escola.html\">https:\/\/moran10.blogspot.com\/2019\/06\/o-futuro-da-escola.html<\/a><\/strong><\/h4>\n<h4><strong><a title=\"\u201cA escola se transforma mais lentamente do que desejamos e em ritmos diferentes\u201d.\" href=\"https:\/\/www.geekie.com.br\/blog\/entrevista-jose-moran-escola-inovadora\/?\" target=\"_blank\" rel=\"noopener noreferrer\">\u201cA escola se transforma mais lentamente do que desejamos e em ritmos diferentes\u201d.\u00a0<\/a>\u00a0<\/strong><strong>Nesta entrevista \u00e0 Geekie falo da complexidade das transforma\u00e7\u00f5es que vivenciamos na educa\u00e7\u00e3o, dos avan\u00e7os e dificuldades e dos novos desafios que enfrentamos todos, individual e coletivamente.\u00a0\u00a0<\/strong><strong><a href=\"https:\/\/www.geekie.com.br\/blog\/entrevista-jose-moran-escola-inovadora\/?\">https:\/\/www.geekie.com.br\/blog\/entrevista-jose-moran-escola-inovadora\/?<\/a><\/strong><\/h4>\n<h4>\u00a0<\/h4>\n<h4><b>\u00a0<\/b><strong><a href=\"https:\/\/moran.eca.usp.br\/wp-content\/uploads\/2018\/08\/Entrevista_Tecnologias_Moran_Com_Censo.pdf\">Contribui\u00e7\u00e3o das tecnologias para a transforma\u00e7\u00e3o da educa\u00e7\u00e3o<\/a>\u00a0(novo)<\/strong><\/h4>\n<h4><strong><a title=\"Qual \u00e9 o futuro da Escola?\" href=\"http:\/\/www.rioeduca.net\/blogViews.php?bid=16&amp;id=4966\" target=\"_blank\" rel=\"noopener noreferrer\">Qual \u00e9 o Futuro da Escola? Ou Qual \u00e9 a Escola do Futuro?<\/a><\/strong>.\u00a0Entrevista publicada no Portal RioEduca da Secretaria Municipal de Esduca\u00e7\u00e3o do Rio de Janeiro no dia 3\/08\/2015. Dispon\u00edvel em<a title=\"Qual \u00e9 o Futuro da Escola?\" href=\"http:\/\/www.rioeduca.net\/blogViews.php?bid=16&amp;id=4966\" target=\"_blank\" rel=\"noopener noreferrer\"> http:\/\/www.rioeduca.net\/blogViews.php?bid=16&amp;id=4966<\/a><\/h4>\n<h4><strong><a href=\"https:\/\/moran.eca.usp.br\/wp-content\/uploads\/2014\/01\/sinepe_rio_moran.docx\">Educa\u00e7\u00e3o H\u00edbrida: o futuro da aprendizagem<\/a>. Entrevista feita pela jornalista Andrea Antunes e publicada no Portal do <a title=\"Entrevista Moran\" href=\"http:\/\/www.sineperio.org.br\/\" target=\"_blank\" rel=\"noopener noreferrer\">SinepeRio<\/a> em agosto de 2015 e publicada em\u00a0<a href=\"http:\/\/www.colegio24horas.com.br\/sineperio\/leiamais.asp?id=537\">http:\/\/www.colegio24horas.com.br\/sineperio\/leiamais.asp?id=537<\/a><\/strong><\/h4>\n<h4><strong><a href=\"https:\/\/moran.eca.usp.br\/wp-content\/uploads\/2014\/01\/Jos\u00e9-Moran.pdf\">Nova Personalidade<\/a><\/strong>. Mudan\u00e7as no papel do professor e da escola. Entrevista ao Correio Braziliense, 25\/10\/2014. Jornalista Olivia Meireles.<\/h4>\n<h4><strong style=\"line-height: 1.5em;\"><a title=\"S\u00f3 tecnologia n\u00e3o basta\" href=\"http:\/\/app.cadernosglobo.com.br\/volume-06\/educacao.html#entrevista-06\" target=\"_blank\" rel=\"noopener noreferrer\">S\u00f3 tecnologia n\u00e3o basta<\/a><\/strong><span style=\"line-height: 1.5em;\">\u00a0&#8211; Entrevista feita pela Jornalista Paola Gentile, publicada em dezembro de 2014 e dispon\u00edvel em:\u00a0<\/span><a href=\"http:\/\/app.cadernosglobo.com.br\/volume-06\/educacao.html#entrevista-06\">http:\/\/app.cadernosglobo.com.br\/volume-06\/educacao.html#entrevista-06<\/a><\/h4>\n<h4><strong style=\"line-height: 1.5em;\"><a href=\"https:\/\/moran.eca.usp.br\/wp-content\/uploads\/2013\/12\/evolucao.pdf\">Uma lenta evolu\u00e7\u00e3o<\/a>\u00a0(Entrevista, Guia de Educa\u00e7\u00e3o a Dist\u00e2ncia 2015, Ano 12, n\u00ba 12, Editora Segmento)<\/strong><\/h4>\n<h4><strong><a href=\"https:\/\/moran.eca.usp.br\/wp-content\/uploads\/2014\/01\/ead_perspectivas.pdf\">Educa\u00e7\u00e3o a Dist\u00e2ncia no Brasil- situa\u00e7\u00e3o e perspectivas<\/a>. Entrevista publicada no Portal da Escola do Governo do Paran\u00e1, no dia 03\/04\/2014<\/strong><\/h4>\n<h4><strong><a href=\"https:\/\/moran.eca.usp.br\/wp-content\/uploads\/2014\/01\/Freire.pdf\">Paulo Freire, a simplicidade que ainda inova<\/a>. Mat\u00e9ria publicada no Portal Porvir, com algumas cita\u00e7\u00f5es minhas (janeiro, 2014)<br \/><\/strong><\/h4>\n<h4><strong><a href=\"https:\/\/moran.eca.usp.br\/wp-content\/uploads\/2014\/01\/ead_inovadora.pdf\">Educa\u00e7\u00e3o a dist\u00e2ncia: conte\u00fados e atividades inovadoras<\/a><\/strong>. R\u00edzia Rocha.\u00a0\u00a0Revista da ANEC | Informativa Educacional, 2013, p. 28-29.<\/h4>\n<h4><!-- wp:paragraph --><\/h4>\n<h4><strong>Recomendo o canal do YouTube <a href=\"https:\/\/www.youtube.com\/channel\/UC-2IBrnIsweE6wbOJGUmteA\">Educa talks<\/a> com entrevistas realizadas pela Paula Cicarelli e por mim com pessoas e projetos inovadores na Educa\u00e7\u00e3o B\u00e1sica e Superior.<\/strong><\/h4>\n<div><strong>\u00a0<\/strong><\/div>\n<div><strong>\u00a0<\/strong><\/div>\n<p><!-- \/wp:paragraph --><\/p>\t\t\t\t\t\t<\/div>\n\t\t\t\t<\/div>\n\t\t\t\t\t<\/div>\n\t\t<\/div>\n\t\t\t\t\t<\/div>\n\t\t<\/section>\n\t\t\t\t<\/div>\n\t\t","protected":false},"excerpt":{"rendered":"<p>O professor humanista, afetivo e criativo e a Intelig\u00eancia Artificial (YouTube) O Futuro da Educa\u00e7\u00e3o com o Avan\u00e7o da Tecnologia\u00a0(YouTube) Educa\u00e7\u00e3o e Futuro: Ensinar e aprender com sentido em tempos de transforma\u00e7\u00e3o\u00a0(YouTube) &#8220;Curr\u00edculo vivo: como redesenhar o que se aprende para o s\u00e9culo 21&#8220;.V\u00eddeo no YouTube sobre minha participa\u00e7\u00e3o na conversa com as diretoras da Escola FourC sobre o Curr\u00edculo Vivo. O celular em sala de aula e o tempo de telas As grandes transforma\u00e7\u00f5es na educa\u00e7\u00e3o atual Escolas interessantes&hellip;<\/p>\n","protected":false},"author":1,"featured_media":0,"parent":0,"menu_order":0,"comment_status":"closed","ping_status":"closed","template":"","meta":{"footnotes":""},"_links":{"self":[{"href":"https:\/\/moran.eca.usp.br\/index.php?rest_route=\/wp\/v2\/pages\/175"}],"collection":[{"href":"https:\/\/moran.eca.usp.br\/index.php?rest_route=\/wp\/v2\/pages"}],"about":[{"href":"https:\/\/moran.eca.usp.br\/index.php?rest_route=\/wp\/v2\/types\/page"}],"author":[{"embeddable":true,"href":"https:\/\/moran.eca.usp.br\/index.php?rest_route=\/wp\/v2\/users\/1"}],"replies":[{"embeddable":true,"href":"https:\/\/moran.eca.usp.br\/index.php?rest_route=%2Fwp%2Fv2%2Fcomments&post=175"}],"version-history":[{"count":70,"href":"https:\/\/moran.eca.usp.br\/index.php?rest_route=\/wp\/v2\/pages\/175\/revisions"}],"predecessor-version":[{"id":2832,"href":"https:\/\/moran.eca.usp.br\/index.php?rest_route=\/wp\/v2\/pages\/175\/revisions\/2832"}],"wp:attachment":[{"href":"https:\/\/moran.eca.usp.br\/index.php?rest_route=%2Fwp%2Fv2%2Fmedia&parent=175"}],"curies":[{"name":"wp","href":"https:\/\/api.w.org\/{rel}","templated":true}]}}